[INFO] fetching crate oxygengine-ignite-derive 0.12.2...
[INFO] checking oxygengine-ignite-derive-0.12.2 against master#af3c6e733a40e671550e0f0f5aeecaa13772ba56 for pr-74989
[INFO] extracting crate oxygengine-ignite-derive 0.12.2 into /workspace/builds/worker-1/source
[INFO] validating manifest of crates.io crate oxygengine-ignite-derive 0.12.2 on toolchain af3c6e733a40e671550e0f0f5aeecaa13772ba56
[INFO] running `Command { std: "/workspace/cargo-home/bin/cargo" "+af3c6e733a40e671550e0f0f5aeecaa13772ba56" "read-manifest" "--manifest-path" "Cargo.toml", kill_on_drop: false }`
[INFO] started tweaking crates.io crate oxygengine-ignite-derive 0.12.2
[INFO] finished tweaking crates.io crate oxygengine-ignite-derive 0.12.2
[INFO] tweaked toml for crates.io crate oxygengine-ignite-derive 0.12.2 written to /workspace/builds/worker-1/source/Cargo.toml
[INFO] running `Command { std: "/workspace/cargo-home/bin/cargo" "+af3c6e733a40e671550e0f0f5aeecaa13772ba56" "generate-lockfile" "--manifest-path" "Cargo.toml" "-Zno-index-update", kill_on_drop: false }`
[INFO] running `Command { std: "/workspace/cargo-home/bin/cargo" "+af3c6e733a40e671550e0f0f5aeecaa13772ba56" "fetch" "--locked" "--manifest-path" "Cargo.toml", kill_on_drop: false }`
[INFO] running `Command { std: "docker" "create" "-v" "/var/lib/crater-agent-workspace/builds/worker-1/target:/opt/rustwide/target:rw,Z" "-v" "/var/lib/crater-agent-workspace/builds/worker-1/source:/opt/rustwide/workdir:ro,Z" "-v" "/var/lib/crater-agent-workspace/cargo-home:/opt/rustwide/cargo-home:ro,Z" "-v" "/var/lib/crater-agent-workspace/rustup-home:/opt/rustwide/rustup-home:ro,Z" "-e" "SOURCE_DIR=/opt/rustwide/workdir" "-e" "CARGO_TARGET_DIR=/opt/rustwide/target" "-e" "CARGO_HOME=/opt/rustwide/cargo-home" "-e" "RUSTUP_HOME=/opt/rustwide/rustup-home" "-w" "/opt/rustwide/workdir" "-m" "1610612736" "--user" "0:0" "--network" "none" "rustops/crates-build-env@sha256:d92eaeed33fa75130ca1ee6c8a01d1ffb62bac859dfdfb3450e3e5d1c0146529" "/opt/rustwide/cargo-home/bin/cargo" "+af3c6e733a40e671550e0f0f5aeecaa13772ba56" "metadata" "--no-deps" "--format-version=1", kill_on_drop: false }`
[INFO] [stdout] e5edb093ff42f30c0ebccbc96051f1270ab96766d5691f8ee22ba721a2db3025
[INFO] [stderr] WARNING: Your kernel does not support swap limit capabilities or the cgroup is not mounted. Memory limited without swap.
[INFO] running `Command { std: "docker" "start" "-a" "e5edb093ff42f30c0ebccbc96051f1270ab96766d5691f8ee22ba721a2db3025", kill_on_drop: false }`
[INFO] running `Command { std: "docker" "inspect" "e5edb093ff42f30c0ebccbc96051f1270ab96766d5691f8ee22ba721a2db3025", kill_on_drop: false }`
[INFO] running `Command { std: "docker" "rm" "-f" "e5edb093ff42f30c0ebccbc96051f1270ab96766d5691f8ee22ba721a2db3025", kill_on_drop: false }`
[INFO] [stdout] e5edb093ff42f30c0ebccbc96051f1270ab96766d5691f8ee22ba721a2db3025
[INFO] running `Command { std: "docker" "create" "-v" "/var/lib/crater-agent-workspace/builds/worker-1/target:/opt/rustwide/target:rw,Z" "-v" "/var/lib/crater-agent-workspace/builds/worker-1/source:/opt/rustwide/workdir:ro,Z" "-v" "/var/lib/crater-agent-workspace/cargo-home:/opt/rustwide/cargo-home:ro,Z" "-v" "/var/lib/crater-agent-workspace/rustup-home:/opt/rustwide/rustup-home:ro,Z" "-e" "SOURCE_DIR=/opt/rustwide/workdir" "-e" "CARGO_TARGET_DIR=/opt/rustwide/target" "-e" "CARGO_INCREMENTAL=0" "-e" "RUST_BACKTRACE=full" "-e" "RUSTFLAGS=--cap-lints=forbid" "-e" "CARGO_HOME=/opt/rustwide/cargo-home" "-e" "RUSTUP_HOME=/opt/rustwide/rustup-home" "-w" "/opt/rustwide/workdir" "-m" "1610612736" "--user" "0:0" "--network" "none" "rustops/crates-build-env@sha256:d92eaeed33fa75130ca1ee6c8a01d1ffb62bac859dfdfb3450e3e5d1c0146529" "/opt/rustwide/cargo-home/bin/cargo" "+af3c6e733a40e671550e0f0f5aeecaa13772ba56" "check" "--frozen" "--all" "--all-targets" "--message-format=json", kill_on_drop: false }`
[INFO] [stdout] f010791316af29ca0d6b6f3afcbdf4859d238afd7e277332e92b7c43d682021f
[INFO] [stderr] WARNING: Your kernel does not support swap limit capabilities or the cgroup is not mounted. Memory limited without swap.
[INFO] running `Command { std: "docker" "start" "-a" "f010791316af29ca0d6b6f3afcbdf4859d238afd7e277332e92b7c43d682021f", kill_on_drop: false }`
[INFO] [stderr]     Checking unicode-xid v0.2.1
[INFO] [stderr]    Compiling oxygengine-ignite-derive v0.12.2 (/opt/rustwide/workdir)
[INFO] [stderr]     Checking proc-macro2 v1.0.21
[INFO] [stdout] error[E0308]: mismatched types
[INFO] [stdout]   --> src/lib.rs:54:23
[INFO] [stdout]    |
[INFO] [stdout] 54 |     let path = if let Some(namespace) = &item.namespace {
[INFO] [stdout]    |                       ^^^^^^^^^^^^^^^   --------------- this expression has type `&std::string::String`
[INFO] [stdout]    |                       |
[INFO] [stdout]    |                       expected struct `std::string::String`, found enum `Option`
[INFO] [stdout]    |
[INFO] [stdout]    = note: expected struct `std::string::String`
[INFO] [stdout]                 found enum `Option<_>`
[INFO] [stdout] 
[INFO] [stdout] 
[INFO] [stdout] error[E0308]: mismatched types
[INFO] [stdout]    --> src/lib.rs:296:20
[INFO] [stdout]     |
[INFO] [stdout] 296 |         namespace: attribs.namespace,
[INFO] [stdout]     |                    ^^^^^^^^^^^^^^^^^ expected struct `std::string::String`, found enum `Option`
[INFO] [stdout]     |
[INFO] [stdout]     = note: expected struct `std::string::String`
[INFO] [stdout]                  found enum `Option<std::string::String>`
[INFO] [stdout] 
[INFO] [stdout] 
[INFO] [stdout] error[E0063]: missing field `is_proxy` in initializer of `oxygengine_ignite_types::IgniteTypeDefinition`
[INFO] [stdout]    --> src/lib.rs:295:22
[INFO] [stdout]     |
[INFO] [stdout] 295 |     let definition = IgniteTypeDefinition {
[INFO] [stdout]     |                      ^^^^^^^^^^^^^^^^^^^^ missing `is_proxy`
[INFO] [stdout] 
[INFO] [stdout] 
[INFO] [stdout] error: aborting due to 3 previous errors
[INFO] [stdout] 
[INFO] [stdout] 
[INFO] [stdout] Some errors have detailed explanations: E0063, E0308.
[INFO] [stdout] 
[INFO] [stdout] For more information about an error, try `rustc --explain E0063`.
[INFO] [stdout] 
[INFO] [stderr] error: could not compile `oxygengine-ignite-derive`.
[INFO] [stderr] 
[INFO] [stderr] To learn more, run the command again with --verbose.
[INFO] [stderr] warning: build failed, waiting for other jobs to finish...
[INFO] [stderr] error: build failed
[INFO] running `Command { std: "docker" "inspect" "f010791316af29ca0d6b6f3afcbdf4859d238afd7e277332e92b7c43d682021f", kill_on_drop: false }`
[INFO] running `Command { std: "docker" "rm" "-f" "f010791316af29ca0d6b6f3afcbdf4859d238afd7e277332e92b7c43d682021f", kill_on_drop: false }`
[INFO] [stdout] f010791316af29ca0d6b6f3afcbdf4859d238afd7e277332e92b7c43d682021f
